{"id":4251,"date":"2023-10-19T12:34:33","date_gmt":"2023-10-19T12:34:33","guid":{"rendered":"https:\/\/www.glas-salge.de\/?page_id=4251"},"modified":"2025-04-10T15:20:37","modified_gmt":"2025-04-10T13:20:37","slug":"kaminscheiben","status":"publish","type":"page","link":"https:\/\/www.glas-salge.de\/en\/interior\/kaminscheiben\/","title":{"rendered":"Kaminscheiben"},"content":{"rendered":"<div data-elementor-type=\"wp-page\" data-elementor-id=\"4251\" class=\"elementor elementor-4251\" data-elementor-post-type=\"page\">\n\t\t\t\t\t\t<section class=\"elementor-section elementor-top-section elementor-element elementor-element-3429144 elementor-section-content-middle elementor-section-boxed elementor-section-height-default elementor-section-height-default\" data-id=\"3429144\" data-element_type=\"section\" data-settings=\"{&quot;background_background&quot;:&quot;classic&quot;,&quot;jet_parallax_layout_list&quot;:[]}\">\n\t\t\t\t\t\t\t<div class=\"elementor-background-overlay\"><\/div>\n\t\t\t\t\t\t\t<div class=\"elementor-container elementor-column-gap-default\">\n\t\t\t\t\t<div class=\"elementor-column elementor-col-50 elementor-top-column elementor-element elementor-element-53df3ca\" data-id=\"53df3ca\" data-element_type=\"column\">\n\t\t\t<div class=\"elementor-widget-wrap elementor-element-populated\">\n\t\t\t\t\t\t\t<\/div>\n\t\t<\/div>\n\t\t\t\t<div class=\"elementor-column elementor-col-50 elementor-top-column elementor-element elementor-element-0798b29\" data-id=\"0798b29\" data-element_type=\"column\">\n\t\t\t<div class=\"elementor-widget-wrap elementor-element-populated\">\n\t\t\t\t\t\t<div class=\"elementor-element elementor-element-0e09422 elementor-icon-list--layout-inline elementor-widget__width-auto elementor-list-item-link-full_width elementor-widget elementor-widget-icon-list\" data-id=\"0e09422\" data-element_type=\"widget\" data-widget_type=\"icon-list.default\">\n\t\t\t\t\t\t\t<ul class=\"elementor-icon-list-items elementor-inline-items\">\n\t\t\t\t\t\t\t<li class=\"elementor-icon-list-item elementor-inline-item\">\n\t\t\t\t\t\t\t\t\t\t\t<a href=\"https:\/\/www.glas-salge.de\/en\">\n\n\t\t\t\t\t\t\t\t\t\t\t<span class=\"elementor-icon-list-text\">Home <\/span>\n\t\t\t\t\t\t\t\t\t\t\t<\/a>\n\t\t\t\t\t\t\t\t\t<\/li>\n\t\t\t\t\t\t\t\t<li class=\"elementor-icon-list-item elementor-inline-item\">\n\t\t\t\t\t\t\t\t\t\t<span class=\"elementor-icon-list-text\"><\/span>\n\t\t\t\t\t\t\t\t\t<\/li>\n\t\t\t\t\t\t<\/ul>\n\t\t\t\t\t\t<\/div>\n\t\t\t\t\t<\/div>\n\t\t<\/div>\n\t\t\t\t\t<\/div>\n\t\t<\/section>\n\t\t\t\t<section class=\"elementor-section elementor-top-section elementor-element elementor-element-ba92d3b elementor-section-content-middle elementor-reverse-mobile elementor-reverse-tablet elementor-section-boxed elementor-section-height-default elementor-section-height-default\" data-id=\"ba92d3b\" data-element_type=\"section\" data-settings=\"{&quot;background_background&quot;:&quot;classic&quot;,&quot;jet_parallax_layout_list&quot;:[]}\">\n\t\t\t\t\t\t<div class=\"elementor-container elementor-column-gap-default\">\n\t\t\t\t\t<div class=\"elementor-column elementor-col-50 elementor-top-column elementor-element elementor-element-9d61307\" data-id=\"9d61307\" data-element_type=\"column\">\n\t\t\t<div class=\"elementor-widget-wrap elementor-element-populated\">\n\t\t\t\t\t\t<div class=\"elementor-element elementor-element-0106f84 elementor-widget-tablet__width-auto elementor-widget elementor-widget-image\" data-id=\"0106f84\" data-element_type=\"widget\" data-widget_type=\"image.default\">\n\t\t\t\t\t\t\t\t\t\t\t\t\t\t\t<img fetchpriority=\"high\" decoding=\"async\" width=\"1500\" height=\"1128\" src=\"https:\/\/www.glas-salge.de\/wp-content\/uploads\/2023\/10\/living-room-corner-style-with-fireplace-decor-wood-concept-interior-room-style-1.jpg\" class=\"attachment-full size-full wp-image-4339\" alt=\"\" srcset=\"https:\/\/www.glas-salge.de\/wp-content\/uploads\/2023\/10\/living-room-corner-style-with-fireplace-decor-wood-concept-interior-room-style-1.jpg 1500w, https:\/\/www.glas-salge.de\/wp-content\/uploads\/2023\/10\/living-room-corner-style-with-fireplace-decor-wood-concept-interior-room-style-1-300x226.jpg 300w, https:\/\/www.glas-salge.de\/wp-content\/uploads\/2023\/10\/living-room-corner-style-with-fireplace-decor-wood-concept-interior-room-style-1-1024x770.jpg 1024w, https:\/\/www.glas-salge.de\/wp-content\/uploads\/2023\/10\/living-room-corner-style-with-fireplace-decor-wood-concept-interior-room-style-1-768x578.jpg 768w\" sizes=\"(max-width: 1500px) 100vw, 1500px\" \/>\t\t\t\t\t\t\t\t\t\t\t\t\t\t\t<\/div>\n\t\t\t\t\t<\/div>\n\t\t<\/div>\n\t\t\t\t<div class=\"elementor-column elementor-col-50 elementor-top-column elementor-element elementor-element-2415917\" data-id=\"2415917\" data-element_type=\"column\">\n\t\t\t<div class=\"elementor-widget-wrap elementor-element-populated\">\n\t\t\t\t\t\t<div class=\"elementor-element elementor-element-caaaf9d elementor-widget elementor-widget-heading\" data-id=\"caaaf9d\" data-element_type=\"widget\" data-widget_type=\"heading.default\">\n\t\t\t\t\t<h2 class=\"elementor-heading-title elementor-size-default\"> Kaminscheiben<\/h2>\t\t\t\t<\/div>\n\t\t\t\t<div class=\"elementor-element elementor-element-4f6de54 elementor-widget elementor-widget-text-editor\" data-id=\"4f6de54\" data-element_type=\"widget\" data-widget_type=\"text-editor.default\">\n\t\t\t\t\t\t\t\t\t<p>Kaminscheiben sind nicht nur funktionale Komponenten in deinem Zuhause, sondern auch gestalterische Elemente, die eine warme und einladende Atmosph\u00e4re schaffen. Bei Glas Salge bieten wir ma\u00dfgefertigte Kaminscheiben an, die ihren Kamin nicht nur eine zeitgem\u00e4\u00dfe Optik verleihen, sondern auch die Sicherheit und Effizienz ihres Kamins erh\u00f6hen.<\/p>\n<p>Unsere Kaminscheiben werden nach den h\u00f6chsten Standards gefertigt, um nicht nur \u00e4sthetisch ansprechend zu sein, sondern auch eine klare Sicht auf das lodernde Feuer zu gew\u00e4hrleisten. Jede Scheibe wird pr\u00e4zise auf die Abmessungen deines Kamins zugeschnitten, um eine perfekte Passform und maximale Sicherheit zu gew\u00e4hrleisten.<\/p>\n<p>Die Wahl der richtigen Kaminscheibe kann einen gro\u00dfen Unterschied in der Leistung und dem Erscheinungsbild ihres Kamins machen. Unsere Experten stehen ihnen gerne zur Verf\u00fcgung, um die ideale Kaminscheibe f\u00fcr ihre Bed\u00fcrfnisse auszuw\u00e4hlen und zu installieren.<\/p>\t\t\t\t\t\t\t\t<\/div>\n\t\t\t\t<section class=\"elementor-section elementor-inner-section elementor-element elementor-element-0212810 elementor-section-boxed elementor-section-height-default elementor-section-height-default\" data-id=\"0212810\" data-element_type=\"section\" data-settings=\"{&quot;background_background&quot;:&quot;classic&quot;,&quot;jet_parallax_layout_list&quot;:[]}\">\n\t\t\t\t\t\t<div class=\"elementor-container elementor-column-gap-default\">\n\t\t\t\t\t<div class=\"elementor-column elementor-col-100 elementor-inner-column elementor-element elementor-element-b06d0bf\" data-id=\"b06d0bf\" data-element_type=\"column\">\n\t\t\t<div class=\"elementor-widget-wrap elementor-element-populated\">\n\t\t\t\t\t\t<div class=\"elementor-element elementor-element-0453dd6 elementor-widget__width-auto elementor-widget elementor-widget-heading\" data-id=\"0453dd6\" data-element_type=\"widget\" data-widget_type=\"heading.default\">\n\t\t\t\t\t<h2 class=\"elementor-heading-title elementor-size-default\">Trend:<\/h2>\t\t\t\t<\/div>\n\t\t\t\t<div class=\"elementor-element elementor-element-e2bed2a elementor-widget__width-auto elementor-widget elementor-widget-text-editor\" data-id=\"e2bed2a\" data-element_type=\"widget\" data-widget_type=\"text-editor.default\">\n\t\t\t\t\t\t\t\t\t<p>#Transparente Designs\u00a0 #Nachhaltige Materialien<\/p>\t\t\t\t\t\t\t\t<\/div>\n\t\t\t\t\t<\/div>\n\t\t<\/div>\n\t\t\t\t\t<\/div>\n\t\t<\/section>\n\t\t\t\t\t<\/div>\n\t\t<\/div>\n\t\t\t\t\t<\/div>\n\t\t<\/section>\n\t\t\t\t<section class=\"elementor-section elementor-top-section elementor-element elementor-element-d91887e elementor-section-boxed elementor-section-height-default elementor-section-height-default\" data-id=\"d91887e\" data-element_type=\"section\" data-settings=\"{&quot;background_background&quot;:&quot;classic&quot;,&quot;jet_parallax_layout_list&quot;:[]}\">\n\t\t\t\t\t\t<div class=\"elementor-container elementor-column-gap-default\">\n\t\t\t\t\t<div class=\"elementor-column elementor-col-100 elementor-top-column elementor-element elementor-element-0b13c11\" data-id=\"0b13c11\" data-element_type=\"column\">\n\t\t\t<div class=\"elementor-widget-wrap elementor-element-populated\">\n\t\t\t\t\t\t<section class=\"elementor-section elementor-inner-section elementor-element elementor-element-d289780 elementor-section-boxed elementor-section-height-default elementor-section-height-default\" data-id=\"d289780\" data-element_type=\"section\" data-settings=\"{&quot;jet_parallax_layout_list&quot;:[]}\">\n\t\t\t\t\t\t<div class=\"elementor-container elementor-column-gap-default\">\n\t\t\t\t\t<div class=\"elementor-column elementor-col-100 elementor-inner-column elementor-element elementor-element-d56fa21\" data-id=\"d56fa21\" data-element_type=\"column\">\n\t\t\t<div class=\"elementor-widget-wrap elementor-element-populated\">\n\t\t\t\t\t\t<div class=\"elementor-element elementor-element-17ceba2 elementor-widget__width-inherit elementor-widget elementor-widget-heading\" data-id=\"17ceba2\" data-element_type=\"widget\" data-widget_type=\"heading.default\">\n\t\t\t\t\t<h2 class=\"elementor-heading-title elementor-size-default\">Unser Instagram<\/h2>\t\t\t\t<\/div>\n\t\t\t\t\t<\/div>\n\t\t<\/div>\n\t\t\t\t\t<\/div>\n\t\t<\/section>\n\t\t\t\t<div class=\"elementor-element elementor-element-4c20211 elementor-widget elementor-widget-shortcode\" data-id=\"4c20211\" data-element_type=\"widget\" data-widget_type=\"shortcode.default\">\n\t\t\t\t\t\t\t<div class=\"elementor-shortcode\">[instagram-feed feed=2]<\/div>\n\t\t\t\t\t\t<\/div>\n\t\t\t\t\t<\/div>\n\t\t<\/div>\n\t\t\t\t\t<\/div>\n\t\t<\/section>\n\t\t\t\t<\/div>","protected":false},"excerpt":{"rendered":"<p>Home Kaminscheiben Kaminscheiben sind nicht nur funktionale Komponenten in deinem Zuhause, sondern auch gestalterische Elemente, die eine warme und einladende Atmosph\u00e4re schaffen. Bei Glas Salge bieten wir ma\u00dfgefertigte Kaminscheiben an, die ihren Kamin nicht nur eine zeitgem\u00e4\u00dfe Optik verleihen, sondern auch die Sicherheit und Effizienz ihres Kamins erh\u00f6hen. Unsere Kaminscheiben werden nach den h\u00f6chsten Standards [&hellip;]<\/p>","protected":false},"author":2,"featured_media":0,"parent":101,"menu_order":0,"comment_status":"closed","ping_status":"closed","template":"elementor_header_footer","meta":{"footnotes":""},"class_list":["post-4251","page","type-page","status-publish","hentry"],"_links":{"self":[{"href":"https:\/\/www.glas-salge.de\/en\/wp-json\/wp\/v2\/pages\/4251","targetHints":{"allow":["GET"]}}],"collection":[{"href":"https:\/\/www.glas-salge.de\/en\/wp-json\/wp\/v2\/pages"}],"about":[{"href":"https:\/\/www.glas-salge.de\/en\/wp-json\/wp\/v2\/types\/page"}],"author":[{"embeddable":true,"href":"https:\/\/www.glas-salge.de\/en\/wp-json\/wp\/v2\/users\/2"}],"replies":[{"embeddable":true,"href":"https:\/\/www.glas-salge.de\/en\/wp-json\/wp\/v2\/comments?post=4251"}],"version-history":[{"count":23,"href":"https:\/\/www.glas-salge.de\/en\/wp-json\/wp\/v2\/pages\/4251\/revisions"}],"predecessor-version":[{"id":5054,"href":"https:\/\/www.glas-salge.de\/en\/wp-json\/wp\/v2\/pages\/4251\/revisions\/5054"}],"up":[{"embeddable":true,"href":"https:\/\/www.glas-salge.de\/en\/wp-json\/wp\/v2\/pages\/101"}],"wp:attachment":[{"href":"https:\/\/www.glas-salge.de\/en\/wp-json\/wp\/v2\/media?parent=4251"}],"curies":[{"name":"wp","href":"https:\/\/api.w.org\/{rel}","templated":true}]}}

<div data-elementor-type="wp-page" data-elementor-id="4251" class="elementor elementor-4251" data-elementor-post-type="page">
						<section class="elementor-section elementor-top-section elementor-element elementor-element-3429144 elementor-section-content-middle elementor-section-boxed elementor-section-height-default elementor-section-height-default" data-id="3429144" data-element_type="section" data-settings="{&quot;background_background&quot;:&quot;classic&quot;,&quot;jet_parallax_layout_list&quot;:[]}">
							<div class="elementor-background-overlay"></div>
							<div class="elementor-container elementor-column-gap-default">
					<div class="elementor-column elementor-col-50 elementor-top-column elementor-element elementor-element-53df3ca" data-id="53df3ca" data-element_type="column">
			<div class="elementor-widget-wrap elementor-element-populated">
							</div>
		</div>
				<div class="elementor-column elementor-col-50 elementor-top-column elementor-element elementor-element-0798b29" data-id="0798b29" data-element_type="column">
			<div class="elementor-widget-wrap elementor-element-populated">
						<div class="elementor-element elementor-element-0e09422 elementor-icon-list--layout-inline elementor-widget__width-auto elementor-list-item-link-full_width elementor-widget elementor-widget-icon-list" data-id="0e09422" data-element_type="widget" data-widget_type="icon-list.default">
							<ul class="elementor-icon-list-items elementor-inline-items">
							<li class="elementor-icon-list-item elementor-inline-item">
											<a href="https://www.glas-salge.de/en">

											<span class="elementor-icon-list-text">Home </span>
											</a>
									</li>
								<li class="elementor-icon-list-item elementor-inline-item">
										<span class="elementor-icon-list-text"></span>
									</li>
						</ul>
						</div>
					</div>
		</div>
					</div>
		</section>
				<section class="elementor-section elementor-top-section elementor-element elementor-element-ba92d3b elementor-section-content-middle elementor-reverse-mobile elementor-reverse-tablet elementor-section-boxed elementor-section-height-default elementor-section-height-default" data-id="ba92d3b" data-element_type="section" data-settings="{&quot;background_background&quot;:&quot;classic&quot;,&quot;jet_parallax_layout_list&quot;:[]}">
						<div class="elementor-container elementor-column-gap-default">
					<div class="elementor-column elementor-col-50 elementor-top-column elementor-element elementor-element-9d61307" data-id="9d61307" data-element_type="column">
			<div class="elementor-widget-wrap elementor-element-populated">
						<div class="elementor-element elementor-element-0106f84 elementor-widget-tablet__width-auto elementor-widget elementor-widget-image" data-id="0106f84" data-element_type="widget" data-widget_type="image.default">
															<img fetchpriority="high" decoding="async" width="1500" height="1128" src="https://www.glas-salge.de/wp-content/uploads/2023/10/living-room-corner-style-with-fireplace-decor-wood-concept-interior-room-style-1.jpg" class="attachment-full size-full wp-image-4339" alt="" srcset="https://www.glas-salge.de/wp-content/uploads/2023/10/living-room-corner-style-with-fireplace-decor-wood-concept-interior-room-style-1.jpg 1500w, https://www.glas-salge.de/wp-content/uploads/2023/10/living-room-corner-style-with-fireplace-decor-wood-concept-interior-room-style-1-300x226.jpg 300w, https://www.glas-salge.de/wp-content/uploads/2023/10/living-room-corner-style-with-fireplace-decor-wood-concept-interior-room-style-1-1024x770.jpg 1024w, https://www.glas-salge.de/wp-content/uploads/2023/10/living-room-corner-style-with-fireplace-decor-wood-concept-interior-room-style-1-768x578.jpg 768w" sizes="(max-width: 1500px) 100vw, 1500px" />															</div>
					</div>
		</div>
				<div class="elementor-column elementor-col-50 elementor-top-column elementor-element elementor-element-2415917" data-id="2415917" data-element_type="column">
			<div class="elementor-widget-wrap elementor-element-populated">
						<div class="elementor-element elementor-element-caaaf9d elementor-widget elementor-widget-heading" data-id="caaaf9d" data-element_type="widget" data-widget_type="heading.default">
					<h2 class="elementor-heading-title elementor-size-default"> Kaminscheiben</h2>				</div>
				<div class="elementor-element elementor-element-4f6de54 elementor-widget elementor-widget-text-editor" data-id="4f6de54" data-element_type="widget" data-widget_type="text-editor.default">
									<p>Kaminscheiben sind nicht nur funktionale Komponenten in deinem Zuhause, sondern auch gestalterische Elemente, die eine warme und einladende Atmosphäre schaffen. Bei Glas Salge bieten wir maßgefertigte Kaminscheiben an, die ihren Kamin nicht nur eine zeitgemäße Optik verleihen, sondern auch die Sicherheit und Effizienz ihres Kamins erhöhen.</p>
<p>Unsere Kaminscheiben werden nach den höchsten Standards gefertigt, um nicht nur ästhetisch ansprechend zu sein, sondern auch eine klare Sicht auf das lodernde Feuer zu gewährleisten. Jede Scheibe wird präzise auf die Abmessungen deines Kamins zugeschnitten, um eine perfekte Passform und maximale Sicherheit zu gewährleisten.</p>
<p>Die Wahl der richtigen Kaminscheibe kann einen großen Unterschied in der Leistung und dem Erscheinungsbild ihres Kamins machen. Unsere Experten stehen ihnen gerne zur Verfügung, um die ideale Kaminscheibe für ihre Bedürfnisse auszuwählen und zu installieren.</p>								</div>
				<section class="elementor-section elementor-inner-section elementor-element elementor-element-0212810 elementor-section-boxed elementor-section-height-default elementor-section-height-default" data-id="0212810" data-element_type="section" data-settings="{&quot;background_background&quot;:&quot;classic&quot;,&quot;jet_parallax_layout_list&quot;:[]}">
						<div class="elementor-container elementor-column-gap-default">
					<div class="elementor-column elementor-col-100 elementor-inner-column elementor-element elementor-element-b06d0bf" data-id="b06d0bf" data-element_type="column">
			<div class="elementor-widget-wrap elementor-element-populated">
						<div class="elementor-element elementor-element-0453dd6 elementor-widget__width-auto elementor-widget elementor-widget-heading" data-id="0453dd6" data-element_type="widget" data-widget_type="heading.default">
					<h2 class="elementor-heading-title elementor-size-default">Trend:</h2>				</div>
				<div class="elementor-element elementor-element-e2bed2a elementor-widget__width-auto elementor-widget elementor-widget-text-editor" data-id="e2bed2a" data-element_type="widget" data-widget_type="text-editor.default">
									<p>#Transparente Designs  #Nachhaltige Materialien</p>								</div>
					</div>
		</div>
					</div>
		</section>
					</div>
		</div>
					</div>
		</section>
				<section class="elementor-section elementor-top-section elementor-element elementor-element-d91887e elementor-section-boxed elementor-section-height-default elementor-section-height-default" data-id="d91887e" data-element_type="section" data-settings="{&quot;background_background&quot;:&quot;classic&quot;,&quot;jet_parallax_layout_list&quot;:[]}">
						<div class="elementor-container elementor-column-gap-default">
					<div class="elementor-column elementor-col-100 elementor-top-column elementor-element elementor-element-0b13c11" data-id="0b13c11" data-element_type="column">
			<div class="elementor-widget-wrap elementor-element-populated">
						<section class="elementor-section elementor-inner-section elementor-element elementor-element-d289780 elementor-section-boxed elementor-section-height-default elementor-section-height-default" data-id="d289780" data-element_type="section" data-settings="{&quot;jet_parallax_layout_list&quot;:[]}">
						<div class="elementor-container elementor-column-gap-default">
					<div class="elementor-column elementor-col-100 elementor-inner-column elementor-element elementor-element-d56fa21" data-id="d56fa21" data-element_type="column">
			<div class="elementor-widget-wrap elementor-element-populated">
						<div class="elementor-element elementor-element-17ceba2 elementor-widget__width-inherit elementor-widget elementor-widget-heading" data-id="17ceba2" data-element_type="widget" data-widget_type="heading.default">
					<h2 class="elementor-heading-title elementor-size-default">Unser Instagram</h2>				</div>
					</div>
		</div>
					</div>
		</section>
				<div class="elementor-element elementor-element-4c20211 elementor-widget elementor-widget-shortcode" data-id="4c20211" data-element_type="widget" data-widget_type="shortcode.default">
							<div class="elementor-shortcode">[instagram-feed feed=2]</div>
						</div>
					</div>
		</div>
					</div>
		</section>
				</div>

<p>Home Kaminscheiben Kaminscheiben sind nicht nur funktionale Komponenten in deinem Zuhause, sondern auch gestalterische Elemente, die eine warme und einladende Atmosphäre schaffen. Bei Glas Salge bieten wir maßgefertigte Kaminscheiben an, die ihren Kamin nicht nur eine zeitgemäße Optik verleihen, sondern auch die Sicherheit und Effizienz ihres Kamins erhöhen. Unsere Kaminscheiben werden nach den höchsten Standards [&hellip;]</p>
